uawdijnntqw1x1x1
IP : 3.145.110.145
Hostname : host45.registrar-servers.com
Kernel : Linux host45.registrar-servers.com 4.18.0-513.18.1.lve.2.el8.x86_64 #1 SMP Sat Mar 30 15:36:11 UTC 2024 x86_64
Disable Function : None :)
OS : Linux
PATH:
/
home
/
jackpotjunglegam
/
public_ftp
/
.
/
..
/
www
/
..
/
.spamassassin
/
..
/
access-logs
/
jackpotjunglegaming.com
/
/
170.106.180.139 - - [25/Dec/2024:07:54:22 -0500] "GET /80d3f/?path=/home/jackpotjunglegam/public_html/80d3f/. HTTP/1.1" 200 1629 "-" "Mozilla/5.0 (iPhone; CPU iPhone OS 13_2_3 like Mac OS X) AppleWebKit/605.1.15 (KHTML, like Gecko) Version/13.0.3 Mobile/15E148 Safari/604.1"
3.144.102.43 - - [25/Dec/2024:08:01:11 -0500] "GET /80d3f/?path=%2Fhome%2F..%2Flib%2Fnode_modules%2F..%2Fgrub%2F..%2F.build-id%2F91 HTTP/1.1" 200 2878 "-" "Mozilla/5.0 AppleWebKit/537.36 (KHTML, like Gecko; compatible; ClaudeBot/1.0; +claudebot@anthropic.com)"
93.158.91.243 - - [25/Dec/2024:08:01:11 -0500] "GET /robots.txt HTTP/1.1" 200 350 "-" "Mozilla/5.0 (X11; CrOS x86_64 14541.0.0) AppleWebKit/537.36 (KHTML, like Gecko) Chrome/121.0.0.0 Safari/537.3"
124.156.179.141 - - [25/Dec/2024:08:12:04 -0500] "GET /80d3f/?path=/home/jackpotjunglegam/public_html/80d3f/index.php HTTP/1.1" 200 19923 "-" "Mozilla/5.0 (iPhone; CPU iPhone OS 13_2_3 like Mac OS X) AppleWebKit/605.1.15 (KHTML, like Gecko) Version/13.0.3 Mobile/15E148 Safari/604.1"
43.135.142.37 - - [25/Dec/2024:08:19:26 -0500] "GET /80d3f/?path= HTTP/1.1" 200 - "-" "Mozilla/5.0 (iPhone; CPU iPhone OS 13_2_3 like Mac OS X) AppleWebKit/605.1.15 (KHTML, like Gecko) Version/13.0.3 Mobile/15E148 Safari/604.1"
43.153.10.13 - - [25/Dec/2024:08:25:36 -0500] "GET /80d3f/?path=/home HTTP/1.1" 200 1530 "-" "Mozilla/5.0 (iPhone; CPU iPhone OS 13_2_3 like Mac OS X) AppleWebKit/605.1.15 (KHTML, like Gecko) Version/13.0.3 Mobile/15E148 Safari/604.1"
101.91.148.219 - - [25/Dec/2024:08:33:11 -0500] "GET / HTTP/1.1" 200 736 "-" "Mozilla/5.0 (iPhone; CPU iPhone OS 13_2_3 like Mac OS X) AppleWebKit/605.1.15 (KHTML, like Gecko) Version/13.0.3 Mobile/15E148 Safari/604.1"
43.153.49.151 - - [25/Dec/2024:08:43:59 -0500] "GET /80d3f/?path=/home/jackpotjunglegam/.. HTTP/1.1" 200 1549 "-" "Mozilla/5.0 (iPhone; CPU iPhone OS 13_2_3 like Mac OS X) AppleWebKit/605.1.15 (KHTML, like Gecko) Version/13.0.3 Mobile/15E148 Safari/604.1"
43.130.9.111 - - [25/Dec/2024:08:54:36 -0500] "GET /80d3f/?path=/home/jackpotjunglegam/.bashrc HTTP/1.1" 200 1115 "-" "Mozilla/5.0 (iPhone; CPU iPhone OS 13_2_3 like Mac OS X) AppleWebKit/605.1.15 (KHTML, like Gecko) Version/13.0.3 Mobile/15E148 Safari/604.1"
43.159.143.139 - - [25/Dec/2024:09:05:10 -0500] "GET /80d3f/?path=/home/jackpotjunglegam/.cagefs HTTP/1.1" 200 1607 "-" "Mozilla/5.0 (iPhone; CPU iPhone OS 13_2_3 like Mac OS X) AppleWebKit/605.1.15 (KHTML, like Gecko) Version/13.0.3 Mobile/15E148 Safari/604.1"
43.153.119.119 - - [25/Dec/2024:09:19:19 -0500] "GET /80d3f/?path=/home/jackpotjunglegam/.cl.selector HTTP/1.1" 200 1650 "-" "Mozilla/5.0 (iPhone; CPU iPhone OS 13_2_3 like Mac OS X) AppleWebKit/605.1.15 (KHTML, like Gecko) Version/13.0.3 Mobile/15E148 Safari/604.1"
52.167.144.173 - - [25/Dec/2024:09:52:25 -0500] "GET /sitemap294.xml HTTP/1.1" 404 - "-" "Mozilla/5.0 AppleWebKit/537.36 (KHTML, like Gecko; compatible; bingbot/2.0; +http://www.bing.com/bingbot.htm) Chrome/116.0.1938.76 Safari/537.36"
52.167.144.173 - - [25/Dec/2024:09:52:26 -0500] "GET /sitemap294.xml HTTP/1.1" 404 - "-" "Mozilla/5.0 AppleWebKit/537.36 (KHTML, like Gecko; compatible; bingbot/2.0; +http://www.bing.com/bingbot.htm) Chrome/116.0.1938.76 Safari/537.36"
52.167.144.173 - - [25/Dec/2024:09:52:26 -0500] "GET /sitemap294.xml HTTP/1.1" 404 - "-" "Mozilla/5.0 AppleWebKit/537.36 (KHTML, like Gecko; compatible; bingbot/2.0; +http://www.bing.com/bingbot.htm) Chrome/116.0.1938.76 Safari/537.36"
52.167.144.173 - - [25/Dec/2024:09:52:45 -0500] "GET /sitemapmobile112.xml HTTP/1.1" 404 - "-" "Mozilla/5.0 AppleWebKit/537.36 (KHTML, like Gecko; compatible; bingbot/2.0; +http://www.bing.com/bingbot.htm) Chrome/116.0.1938.76 Safari/537.36"
52.167.144.173 - - [25/Dec/2024:09:52:45 -0500] "GET /sitemapmobile112.xml HTTP/1.1" 404 - "-" "Mozilla/5.0 AppleWebKit/537.36 (KHTML, like Gecko; compatible; bingbot/2.0; +http://www.bing.com/bingbot.htm) Chrome/116.0.1938.76 Safari/537.36"
3.149.245.167 - - [25/Dec/2024:11:13:50 -0500] "GET /.env HTTP/1.1" 404 - "-" "Mozilla/5.0 (Macintosh; Intel Mac OS X 10.15; rv:77.0) Gecko/20100101 Firefox/77.0"
132.145.209.160 - - [25/Dec/2024:12:32:15 -0500] "GET / HTTP/1.1" 200 736 "-" "Mozilla/5.0 (Windows NT 10.0; Win64; x64) AppleWebKit/537.36 (KHTML, like Gecko) Chrome/58.0.3029.110 Safari/537.3"
162.62.213.165 - - [25/Dec/2024:13:11:55 -0500] "GET / HTTP/1.1" 200 736 "-" "Mozilla/5.0 (iPhone; CPU iPhone OS 13_2_3 like Mac OS X) AppleWebKit/605.1.15 (KHTML, like Gecko) Version/13.0.3 Mobile/15E148 Safari/604.1"
3.146.178.220 - - [25/Dec/2024:14:54:43 -0500] "GET /80d3f/?path=%2Fhome%2F..%2Fvar%2Fsoftaculous%2Fimpress%2F..%2Fclip%2F..%2Fbagisto%2Fextend.php HTTP/1.1" 200 8179 "-" "Mozilla/5.0 AppleWebKit/537.36 (KHTML, like Gecko; compatible; ClaudeBot/1.0; +claudebot@anthropic.com)"
52.167.144.160 - - [25/Dec/2024:14:54:43 -0500] "GET /sitemapmobile720.xml HTTP/1.1" 404 - "-" "Mozilla/5.0 AppleWebKit/537.36 (KHTML, like Gecko; compatible; bingbot/2.0; +http://www.bing.com/bingbot.htm) Chrome/116.0.1938.76 Safari/537.36"
52.167.144.160 - - [25/Dec/2024:14:54:44 -0500] "GET /sitemapmobile986.xml HTTP/1.1" 404 - "-" "Mozilla/5.0 AppleWebKit/537.36 (KHTML, like Gecko; compatible; bingbot/2.0; +http://www.bing.com/bingbot.htm) Chrome/116.0.1938.76 Safari/537.36"
52.167.144.160 - - [25/Dec/2024:14:54:44 -0500] "GET /sitemapmobile907.xml HTTP/1.1" 404 - "-" "Mozilla/5.0 AppleWebKit/537.36 (KHTML, like Gecko; compatible; bingbot/2.0; +http://www.bing.com/bingbot.htm) Chrome/116.0.1938.76 Safari/537.36"
52.167.144.160 - - [25/Dec/2024:14:54:44 -0500] "GET /sitemapnews338.xml HTTP/1.1" 404 - "-" "Mozilla/5.0 AppleWebKit/537.36 (KHTML, like Gecko; compatible; bingbot/2.0; +http://www.bing.com/bingbot.htm) Chrome/116.0.1938.76 Safari/537.36"
52.167.144.160 - - [25/Dec/2024:14:54:44 -0500] "GET /sitemapnews215.xml HTTP/1.1" 404 - "-" "Mozilla/5.0 AppleWebKit/537.36 (KHTML, like Gecko; compatible; bingbot/2.0; +http://www.bing.com/bingbot.htm) Chrome/116.0.1938.76 Safari/537.36"
207.46.13.87 - - [25/Dec/2024:14:54:52 -0500] "GET /sitemapmobile506.xml HTTP/1.1" 404 - "-" "Mozilla/5.0 AppleWebKit/537.36 (KHTML, like Gecko; compatible; bingbot/2.0; +http://www.bing.com/bingbot.htm) Chrome/116.0.1938.76 Safari/537.36"
207.46.13.87 - - [25/Dec/2024:14:54:53 -0500] "GET /sitemapnews239.xml HTTP/1.1" 404 - "-" "Mozilla/5.0 AppleWebKit/537.36 (KHTML, like Gecko; compatible; bingbot/2.0; +http://www.bing.com/bingbot.htm) Chrome/116.0.1938.76 Safari/537.36"
207.46.13.87 - - [25/Dec/2024:14:54:53 -0500] "GET /sitemapnews388.xml HTTP/1.1" 404 - "-" "Mozilla/5.0 AppleWebKit/537.36 (KHTML, like Gecko; compatible; bingbot/2.0; +http://www.bing.com/bingbot.htm) Chrome/116.0.1938.76 Safari/537.36"
207.46.13.87 - - [25/Dec/2024:14:54:53 -0500] "GET /sitemapnews832.xml HTTP/1.1" 404 - "-" "Mozilla/5.0 AppleWebKit/537.36 (KHTML, like Gecko; compatible; bingbot/2.0; +http://www.bing.com/bingbot.htm) Chrome/116.0.1938.76 Safari/537.36"
3.144.242.20 - - [25/Dec/2024:14:54:54 -0500] "GET /80d3f/?path=%2Fhome%2F..%2Flib%2F.build-id%2Fb1%2F..%2F58%2F..%2F47%2F089d1fabb636bbd90c1ff094ccd5fc2b2b3e7b HTTP/1.1" 200 3977 "-" "Mozilla/5.0 AppleWebKit/537.36 (KHTML, like Gecko; compatible; ClaudeBot/1.0; +claudebot@anthropic.com)"
207.46.13.87 - - [25/Dec/2024:14:54:54 -0500] "GET /sitemapnews732.xml HTTP/1.1" 404 - "-" "Mozilla/5.0 AppleWebKit/537.36 (KHTML, like Gecko; compatible; bingbot/2.0; +http://www.bing.com/bingbot.htm) Chrome/116.0.1938.76 Safari/537.36"
207.46.13.87 - - [25/Dec/2024:14:54:54 -0500] "GET /sitemap396.xml HTTP/1.1" 404 - "-" "Mozilla/5.0 AppleWebKit/537.36 (KHTML, like Gecko; compatible; bingbot/2.0; +http://www.bing.com/bingbot.htm) Chrome/116.0.1938.76 Safari/537.36"
52.167.144.209 - - [25/Dec/2024:14:54:58 -0500] "GET /sitemapmobile588.xml HTTP/1.1" 404 - "-" "Mozilla/5.0 AppleWebKit/537.36 (KHTML, like Gecko; compatible; bingbot/2.0; +http://www.bing.com/bingbot.htm) Chrome/116.0.1938.76 Safari/537.36"
52.167.144.209 - - [25/Dec/2024:14:54:58 -0500] "GET /sitemapmobile727.xml HTTP/1.1" 404 - "-" "Mozilla/5.0 AppleWebKit/537.36 (KHTML, like Gecko; compatible; bingbot/2.0; +http://www.bing.com/bingbot.htm) Chrome/116.0.1938.76 Safari/537.36"
52.167.144.209 - - [25/Dec/2024:14:54:59 -0500] "GET /sitemapmobile526.xml HTTP/1.1" 404 - "-" "Mozilla/5.0 AppleWebKit/537.36 (KHTML, like Gecko; compatible; bingbot/2.0; +http://www.bing.com/bingbot.htm) Chrome/116.0.1938.76 Safari/537.36"
52.167.144.209 - - [25/Dec/2024:14:54:59 -0500] "GET /sitemapmobileindex.xml HTTP/1.1" 404 - "-" "Mozilla/5.0 AppleWebKit/537.36 (KHTML, like Gecko; compatible; bingbot/2.0; +http://www.bing.com/bingbot.htm) Chrome/116.0.1938.76 Safari/537.36"
52.167.144.209 - - [25/Dec/2024:14:55:00 -0500] "GET /sitemapnews324.xml HTTP/1.1" 404 - "-" "Mozilla/5.0 AppleWebKit/537.36 (KHTML, like Gecko; compatible; bingbot/2.0; +http://www.bing.com/bingbot.htm) Chrome/116.0.1938.76 Safari/537.36"
52.167.144.209 - - [25/Dec/2024:14:55:00 -0500] "GET /sitemapnews381.xml HTTP/1.1" 404 - "-" "Mozilla/5.0 AppleWebKit/537.36 (KHTML, like Gecko; compatible; bingbot/2.0; +http://www.bing.com/bingbot.htm) Chrome/116.0.1938.76 Safari/537.36"
52.167.144.209 - - [25/Dec/2024:14:55:00 -0500] "GET /sitemapnews393.xml HTTP/1.1" 404 - "-" "Mozilla/5.0 AppleWebKit/537.36 (KHTML, like Gecko; compatible; bingbot/2.0; +http://www.bing.com/bingbot.htm) Chrome/116.0.1938.76 Safari/537.36"
52.167.144.209 - - [25/Dec/2024:14:55:01 -0500] "GET /sitemapnews974.xml HTTP/1.1" 404 - "-" "Mozilla/5.0 AppleWebKit/537.36 (KHTML, like Gecko; compatible; bingbot/2.0; +http://www.bing.com/bingbot.htm) Chrome/116.0.1938.76 Safari/537.36"
52.167.144.209 - - [25/Dec/2024:14:55:01 -0500] "GET /sitemap294.xml HTTP/1.1" 404 - "-" "Mozilla/5.0 AppleWebKit/537.36 (KHTML, like Gecko; compatible; bingbot/2.0; +http://www.bing.com/bingbot.htm) Chrome/116.0.1938.76 Safari/537.36"
52.167.144.209 - - [25/Dec/2024:14:55:01 -0500] "GET /sitemap307.xml HTTP/1.1" 404 - "-" "Mozilla/5.0 AppleWebKit/537.36 (KHTML, like Gecko; compatible; bingbot/2.0; +http://www.bing.com/bingbot.htm) Chrome/116.0.1938.76 Safari/537.36"
52.167.144.209 - - [25/Dec/2024:14:55:02 -0500] "GET /sitemapnews84.xml HTTP/1.1" 404 - "-" "Mozilla/5.0 AppleWebKit/537.36 (KHTML, like Gecko; compatible; bingbot/2.0; +http://www.bing.com/bingbot.htm) Chrome/116.0.1938.76 Safari/537.36"
207.46.13.87 - - [25/Dec/2024:14:55:09 -0500] "GET /sitemap524.xml HTTP/1.1" 404 - "-" "Mozilla/5.0 AppleWebKit/537.36 (KHTML, like Gecko; compatible; bingbot/2.0; +http://www.bing.com/bingbot.htm) Chrome/116.0.1938.76 Safari/537.36"
207.46.13.87 - - [25/Dec/2024:14:55:10 -0500] "GET /sitemapnewsindex.xml HTTP/1.1" 404 - "-" "Mozilla/5.0 AppleWebKit/537.36 (KHTML, like Gecko; compatible; bingbot/2.0; +http://www.bing.com/bingbot.htm) Chrome/116.0.1938.76 Safari/537.36"
207.46.13.87 - - [25/Dec/2024:14:55:10 -0500] "GET /sitemap334.xml HTTP/1.1" 404 - "-" "Mozilla/5.0 AppleWebKit/537.36 (KHTML, like Gecko; compatible; bingbot/2.0; +http://www.bing.com/bingbot.htm) Chrome/116.0.1938.76 Safari/537.36"
207.46.13.87 - - [25/Dec/2024:14:55:10 -0500] "GET /sitemap953.xml HTTP/1.1" 404 - "-" "Mozilla/5.0 AppleWebKit/537.36 (KHTML, like Gecko; compatible; bingbot/2.0; +http://www.bing.com/bingbot.htm) Chrome/116.0.1938.76 Safari/537.36"
207.46.13.87 - - [25/Dec/2024:14:55:10 -0500] "GET /sitemapimages320.xml HTTP/1.1" 404 - "-" "Mozilla/5.0 AppleWebKit/537.36 (KHTML, like Gecko; compatible; bingbot/2.0; +http://www.bing.com/bingbot.htm) Chrome/116.0.1938.76 Safari/537.36"
207.46.13.87 - - [25/Dec/2024:14:55:11 -0500] "GET /sitemap742.xml HTTP/1.1" 404 - "-" "Mozilla/5.0 AppleWebKit/537.36 (KHTML, like Gecko; compatible; bingbot/2.0; +http://www.bing.com/bingbot.htm) Chrome/116.0.1938.76 Safari/537.36"
207.46.13.87 - - [25/Dec/2024:14:55:11 -0500] "GET /sitemapimages15.xml HTTP/1.1" 404 - "-" "Mozilla/5.0 AppleWebKit/537.36 (KHTML, like Gecko; compatible; bingbot/2.0; +http://www.bing.com/bingbot.htm) Chrome/116.0.1938.76 Safari/537.36"
207.46.13.87 - - [25/Dec/2024:14:55:11 -0500] "GET /sitemapimages758.xml HTTP/1.1" 404 - "-" "Mozilla/5.0 AppleWebKit/537.36 (KHTML, like Gecko; compatible; bingbot/2.0; +http://www.bing.com/bingbot.htm) Chrome/116.0.1938.76 Safari/537.36"
207.46.13.87 - - [25/Dec/2024:14:55:11 -0500] "GET /sitemapmobile142.xml HTTP/1.1" 404 - "-" "Mozilla/5.0 AppleWebKit/537.36 (KHTML, like Gecko; compatible; bingbot/2.0; +http://www.bing.com/bingbot.htm) Chrome/116.0.1938.76 Safari/537.36"
207.46.13.87 - - [25/Dec/2024:14:55:12 -0500] "GET /sitemapimages767.xml HTTP/1.1" 404 - "-" "Mozilla/5.0 AppleWebKit/537.36 (KHTML, like Gecko; compatible; bingbot/2.0; +http://www.bing.com/bingbot.htm) Chrome/116.0.1938.76 Safari/537.36"
207.46.13.87 - - [25/Dec/2024:14:55:12 -0500] "GET /sitemapmobile261.xml HTTP/1.1" 404 - "-" "Mozilla/5.0 AppleWebKit/537.36 (KHTML, like Gecko; compatible; bingbot/2.0; +http://www.bing.com/bingbot.htm) Chrome/116.0.1938.76 Safari/537.36"
207.46.13.87 - - [25/Dec/2024:14:55:12 -0500] "GET /sitemapmobile421.xml HTTP/1.1" 404 - "-" "Mozilla/5.0 AppleWebKit/537.36 (KHTML, like Gecko; compatible; bingbot/2.0; +http://www.bing.com/bingbot.htm) Chrome/116.0.1938.76 Safari/537.36"
207.46.13.87 - - [25/Dec/2024:14:55:20 -0500] "GET /sitemapimages509.xml HTTP/1.1" 404 - "-" "Mozilla/5.0 AppleWebKit/537.36 (KHTML, like Gecko; compatible; bingbot/2.0; +http://www.bing.com/bingbot.htm) Chrome/116.0.1938.76 Safari/537.36"
52.167.144.209 - - [25/Dec/2024:14:55:26 -0500] "GET /sitemap657.xml HTTP/1.1" 404 - "-" "Mozilla/5.0 AppleWebKit/537.36 (KHTML, like Gecko; compatible; bingbot/2.0; +http://www.bing.com/bingbot.htm) Chrome/116.0.1938.76 Safari/537.36"
52.167.144.209 - - [25/Dec/2024:14:55:27 -0500] "GET /sitemap350.xml HTTP/1.1" 404 - "-" "Mozilla/5.0 AppleWebKit/537.36 (KHTML, like Gecko; compatible; bingbot/2.0; +http://www.bing.com/bingbot.htm) Chrome/116.0.1938.76 Safari/537.36"
52.167.144.209 - - [25/Dec/2024:14:55:27 -0500] "GET /sitemap757.xml HTTP/1.1" 404 - "-" "Mozilla/5.0 AppleWebKit/537.36 (KHTML, like Gecko; compatible; bingbot/2.0; +http://www.bing.com/bingbot.htm) Chrome/116.0.1938.76 Safari/537.36"
52.167.144.209 - - [25/Dec/2024:14:55:28 -0500] "GET /sitemapimages415.xml HTTP/1.1" 404 - "-" "Mozilla/5.0 AppleWebKit/537.36 (KHTML, like Gecko; compatible; bingbot/2.0; +http://www.bing.com/bingbot.htm) Chrome/116.0.1938.76 Safari/537.36"
52.167.144.209 - - [25/Dec/2024:14:55:28 -0500] "GET /sitemapimages731.xml HTTP/1.1" 404 - "-" "Mozilla/5.0 AppleWebKit/537.36 (KHTML, like Gecko; compatible; bingbot/2.0; +http://www.bing.com/bingbot.htm) Chrome/116.0.1938.76 Safari/537.36"
52.167.144.209 - - [25/Dec/2024:14:55:29 -0500] "GET /sitemapimages306.xml HTTP/1.1" 404 - "-" "Mozilla/5.0 AppleWebKit/537.36 (KHTML, like Gecko; compatible; bingbot/2.0; +http://www.bing.com/bingbot.htm) Chrome/116.0.1938.76 Safari/537.36"
52.167.144.209 - - [25/Dec/2024:14:55:29 -0500] "GET /sitemapmobile112.xml HTTP/1.1" 404 - "-" "Mozilla/5.0 AppleWebKit/537.36 (KHTML, like Gecko; compatible; bingbot/2.0; +http://www.bing.com/bingbot.htm) Chrome/116.0.1938.76 Safari/537.36"
52.167.144.209 - - [25/Dec/2024:14:55:30 -0500] "GET /sitemapimages801.xml HTTP/1.1" 404 - "-" "Mozilla/5.0 AppleWebKit/537.36 (KHTML, like Gecko; compatible; bingbot/2.0; +http://www.bing.com/bingbot.htm) Chrome/116.0.1938.76 Safari/537.36"
52.167.144.209 - - [25/Dec/2024:14:55:30 -0500] "GET /sitemapimages967.xml HTTP/1.1" 404 - "-" "Mozilla/5.0 AppleWebKit/537.36 (KHTML, like Gecko; compatible; bingbot/2.0; +http://www.bing.com/bingbot.htm) Chrome/116.0.1938.76 Safari/537.36"
52.167.144.160 - - [25/Dec/2024:14:55:35 -0500] "GET /sitemapnews546.xml HTTP/1.1" 404 - "-" "Mozilla/5.0 AppleWebKit/537.36 (KHTML, like Gecko; compatible; bingbot/2.0; +http://www.bing.com/bingbot.htm) Chrome/116.0.1938.76 Safari/537.36"
52.167.144.160 - - [25/Dec/2024:14:55:35 -0500] "GET /sitemapnews840.xml HTTP/1.1" 404 - "-" "Mozilla/5.0 AppleWebKit/537.36 (KHTML, like Gecko; compatible; bingbot/2.0; +http://www.bing.com/bingbot.htm) Chrome/116.0.1938.76 Safari/537.36"
52.167.144.160 - - [25/Dec/2024:14:55:36 -0500] "GET /sitemapnews749.xml HTTP/1.1" 404 - "-" "Mozilla/5.0 AppleWebKit/537.36 (KHTML, like Gecko; compatible; bingbot/2.0; +http://www.bing.com/bingbot.htm) Chrome/116.0.1938.76 Safari/537.36"
52.167.144.160 - - [25/Dec/2024:14:55:36 -0500] "GET /sitemapnews841.xml HTTP/1.1" 404 - "-" "Mozilla/5.0 AppleWebKit/537.36 (KHTML, like Gecko; compatible; bingbot/2.0; +http://www.bing.com/bingbot.htm) Chrome/116.0.1938.76 Safari/537.36"
52.167.144.160 - - [25/Dec/2024:14:55:36 -0500] "GET /sitemap293.xml HTTP/1.1" 404 - "-" "Mozilla/5.0 AppleWebKit/537.36 (KHTML, like Gecko; compatible; bingbot/2.0; +http://www.bing.com/bingbot.htm) Chrome/116.0.1938.76 Safari/537.36"
52.167.144.160 - - [25/Dec/2024:14:55:37 -0500] "GET /sitemap311.xml HTTP/1.1" 404 - "-" "Mozilla/5.0 AppleWebKit/537.36 (KHTML, like Gecko; compatible; bingbot/2.0; +http://www.bing.com/bingbot.htm) Chrome/116.0.1938.76 Safari/537.36"
52.167.144.160 - - [25/Dec/2024:14:55:37 -0500] "GET /sitemap496.xml HTTP/1.1" 404 - "-" "Mozilla/5.0 AppleWebKit/537.36 (KHTML, like Gecko; compatible; bingbot/2.0; +http://www.bing.com/bingbot.htm) Chrome/116.0.1938.76 Safari/537.36"
52.167.144.160 - - [25/Dec/2024:14:55:38 -0500] "GET /sitemapimages347.xml HTTP/1.1" 404 - "-" "Mozilla/5.0 AppleWebKit/537.36 (KHTML, like Gecko; compatible; bingbot/2.0; +http://www.bing.com/bingbot.htm) Chrome/116.0.1938.76 Safari/537.36"
52.167.144.160 - - [25/Dec/2024:14:55:38 -0500] "GET /sitemapimages185.xml HTTP/1.1" 404 - "-" "Mozilla/5.0 AppleWebKit/537.36 (KHTML, like Gecko; compatible; bingbot/2.0; +http://www.bing.com/bingbot.htm) Chrome/116.0.1938.76 Safari/537.36"
52.167.144.160 - - [25/Dec/2024:14:55:39 -0500] "GET /sitemap87.xml HTTP/1.1" 404 - "-" "Mozilla/5.0 AppleWebKit/537.36 (KHTML, like Gecko; compatible; bingbot/2.0; +http://www.bing.com/bingbot.htm) Chrome/116.0.1938.76 Safari/537.36"
52.167.144.160 - - [25/Dec/2024:14:55:39 -0500] "GET /sitemapimages570.xml HTTP/1.1" 404 - "-" "Mozilla/5.0 AppleWebKit/537.36 (KHTML, like Gecko; compatible; bingbot/2.0; +http://www.bing.com/bingbot.htm) Chrome/116.0.1938.76 Safari/537.36"
52.167.144.160 - - [25/Dec/2024:14:55:39 -0500] "GET /sitemapimages427.xml HTTP/1.1" 404 - "-" "Mozilla/5.0 AppleWebKit/537.36 (KHTML, like Gecko; compatible; bingbot/2.0; +http://www.bing.com/bingbot.htm) Chrome/116.0.1938.76 Safari/537.36"
52.167.144.160 - - [25/Dec/2024:14:55:40 -0500] "GET /sitemapimages820.xml HTTP/1.1" 404 - "-" "Mozilla/5.0 AppleWebKit/537.36 (KHTML, like Gecko; compatible; bingbot/2.0; +http://www.bing.com/bingbot.htm) Chrome/116.0.1938.76 Safari/537.36"
52.167.144.160 - - [25/Dec/2024:14:55:40 -0500] "GET /sitemapmobile38.xml HTTP/1.1" 404 - "-" "Mozilla/5.0 AppleWebKit/537.36 (KHTML, like Gecko; compatible; bingbot/2.0; +http://www.bing.com/bingbot.htm) Chrome/116.0.1938.76 Safari/537.36"
52.167.144.160 - - [25/Dec/2024:14:55:40 -0500] "GET /sitemapimagesindex.xml HTTP/1.1" 404 - "-" "Mozilla/5.0 AppleWebKit/537.36 (KHTML, like Gecko; compatible; bingbot/2.0; +http://www.bing.com/bingbot.htm) Chrome/116.0.1938.76 Safari/537.36"
52.167.144.160 - - [25/Dec/2024:14:55:41 -0500] "GET /sitemap361.xml HTTP/1.1" 404 - "-" "Mozilla/5.0 AppleWebKit/537.36 (KHTML, like Gecko; compatible; bingbot/2.0; +http://www.bing.com/bingbot.htm) Chrome/116.0.1938.76 Safari/537.36"
52.167.144.160 - - [25/Dec/2024:14:55:41 -0500] "GET /sitemapindex.xml HTTP/1.1" 404 - "-" "Mozilla/5.0 AppleWebKit/537.36 (KHTML, like Gecko; compatible; bingbot/2.0; +http://www.bing.com/bingbot.htm) Chrome/116.0.1938.76 Safari/537.36"
52.167.144.160 - - [25/Dec/2024:14:55:41 -0500] "GET /sitemapmobile428.xml HTTP/1.1" 404 - "-" "Mozilla/5.0 AppleWebKit/537.36 (KHTML, like Gecko; compatible; bingbot/2.0; +http://www.bing.com/bingbot.htm) Chrome/116.0.1938.76 Safari/537.36"
52.167.144.160 - - [25/Dec/2024:14:55:42 -0500] "GET /sitemapmobile20.xml HTTP/1.1" 404 - "-" "Mozilla/5.0 AppleWebKit/537.36 (KHTML, like Gecko; compatible; bingbot/2.0; +http://www.bing.com/bingbot.htm) Chrome/116.0.1938.76 Safari/537.36"
52.167.144.160 - - [25/Dec/2024:14:55:42 -0500] "GET /sitemapmobile416.xml HTTP/1.1" 404 - "-" "Mozilla/5.0 AppleWebKit/537.36 (KHTML, like Gecko; compatible; bingbot/2.0; +http://www.bing.com/bingbot.htm) Chrome/116.0.1938.76 Safari/537.36"
52.167.144.209 - - [25/Dec/2024:14:57:03 -0500] "GET /sitemapmobile727.xml HTTP/1.1" 404 - "-" "Mozilla/5.0 AppleWebKit/537.36 (KHTML, like Gecko; compatible; bingbot/2.0; +http://www.bing.com/bingbot.htm) Chrome/116.0.1938.76 Safari/537.36"
216.244.66.240 - - [25/Dec/2024:15:12:45 -0500] "GET /robots.txt HTTP/1.1" 200 3738 "-" "Mozilla/5.0 (compatible; DotBot/1.2; +https://opensiteexplorer.org/dotbot; help@moz.com)"
216.244.66.240 - - [25/Dec/2024:15:30:57 -0500] "GET /well-known/pki-validation/f/e/d/e/?C=S;O=A HTTP/1.1" 200 688 "-" "Mozilla/5.0 (compatible; DotBot/1.2; +https://opensiteexplorer.org/dotbot; help@moz.com)"
194.38.23.16 - - [25/Dec/2024:16:43:27 -0500] "GET /wp-content/plugins/aviary-image-editor-add-on-for-gravity-forms/includes/upload.php HTTP/1.1" 404 - "-" "ALittle Client"
185.191.171.12 - - [25/Dec/2024:16:53:16 -0500] "GET /sitemapindex.xml HTTP/1.1" 404 - "-" "Mozilla/5.0 (compatible; SemrushBot/7~bl; +http://www.semrush.com/bot.html)"
85.208.96.206 - - [25/Dec/2024:16:53:17 -0500] "GET /sitemapnewsindex.xml HTTP/1.1" 404 - "-" "Mozilla/5.0 (compatible; SemrushBot/7~bl; +http://www.semrush.com/bot.html)"
13.58.211.135 - - [25/Dec/2024:16:53:19 -0500] "GET /80d3f/?path=%2Fhome%2F..%2Flib%2Fsystemd%2F..%2F.build-id%2F2e%2F..%2F84%2Ff1d8a960bce443921c492a4f9bfe9769596325 HTTP/1.1" 200 17365 "-" "Mozilla/5.0 AppleWebKit/537.36 (KHTML, like Gecko; compatible; ClaudeBot/1.0; +claudebot@anthropic.com)"
85.208.96.197 - - [25/Dec/2024:16:53:19 -0500] "GET /sitemapimagesindex.xml HTTP/1.1" 404 - "-" "Mozilla/5.0 (compatible; SemrushBot/7~bl; +http://www.semrush.com/bot.html)"
185.191.171.7 - - [25/Dec/2024:16:53:20 -0500] "GET /sitemapmobileindex.xml HTTP/1.1" 404 - "-" "Mozilla/5.0 (compatible; SemrushBot/7~bl; +http://www.semrush.com/bot.html)"
18.191.189.119 - - [25/Dec/2024:16:53:22 -0500] "GET /80d3f/?path=%2Fhome%2F..%2Flib%2F.build-id%2Faa%2F..%2F66%2F.%2F..%2F8a HTTP/1.1" 200 3037 "-" "Mozilla/5.0 AppleWebKit/537.36 (KHTML, like Gecko; compatible; ClaudeBot/1.0; +claudebot@anthropic.com)"
85.208.96.207 - - [25/Dec/2024:16:53:23 -0500] "GET /sitemap293.xml HTTP/1.1" 404 - "-" "Mozilla/5.0 (compatible; SemrushBot/7~bl; +http://www.semrush.com/bot.html)"
3.139.86.74 - - [25/Dec/2024:16:53:23 -0500] "GET /80d3f/?path=%2Fhome%2Fjackpotjunglegam%2Fpublic_html%2F80d3f%2F.%2F..%2F..%2F.cagefs%2F..%2F..%2F..%2F..%2Flib64%2Flibcgraph.so.6.0.0 HTTP/1.1" 200 37041 "-" "Mozilla/5.0 AppleWebKit/537.36 (KHTML, like Gecko; compatible; ClaudeBot/1.0; +claudebot@anthropic.com)"
185.191.171.7 - - [25/Dec/2024:16:53:25 -0500] "GET /sitemap953.xml HTTP/1.1" 404 - "-" "Mozilla/5.0 (compatible; SemrushBot/7~bl; +http://www.semrush.com/bot.html)"
85.208.96.207 - - [25/Dec/2024:16:53:26 -0500] "GET /sitemap334.xml HTTP/1.1" 404 - "-" "Mozilla/5.0 (compatible; SemrushBot/7~bl; +http://www.semrush.com/bot.html)"
85.208.96.207 - - [25/Dec/2024:16:53:27 -0500] "GET /sitemap524.xml HTTP/1.1" 404 - "-" "Mozilla/5.0 (compatible; SemrushBot/7~bl; +http://www.semrush.com/bot.html)"
85.208.96.197 - - [25/Dec/2024:16:53:28 -0500] "GET /sitemap311.xml HTTP/1.1" 404 - "-" "Mozilla/5.0 (compatible; SemrushBot/7~bl; +http://www.semrush.com/bot.html)"
185.191.171.7 - - [25/Dec/2024:16:53:30 -0500] "GET /sitemap294.xml HTTP/1.1" 404 - "-" "Mozilla/5.0 (compatible; SemrushBot/7~bl; +http://www.semrush.com/bot.html)"
85.208.96.197 - - [25/Dec/2024:16:53:31 -0500] "GET /sitemap757.xml HTTP/1.1" 404 - "-" "Mozilla/5.0 (compatible; SemrushBot/7~bl; +http://www.semrush.com/bot.html)"
85.208.96.197 - - [25/Dec/2024:16:53:33 -0500] "GET /sitemap307.xml HTTP/1.1" 404 - "-" "Mozilla/5.0 (compatible; SemrushBot/7~bl; +http://www.semrush.com/bot.html)"
85.208.96.207 - - [25/Dec/2024:16:53:34 -0500] "GET /sitemap361.xml HTTP/1.1" 404 - "-" "Mozilla/5.0 (compatible; SemrushBot/7~bl; +http://www.semrush.com/bot.html)"
185.191.171.7 - - [25/Dec/2024:16:53:36 -0500] "GET /sitemap87.xml HTTP/1.1" 404 - "-" "Mozilla/5.0 (compatible; SemrushBot/7~bl; +http://www.semrush.com/bot.html)"
85.208.96.197 - - [25/Dec/2024:16:53:37 -0500] "GET /sitemap496.xml HTTP/1.1" 404 - "-" "Mozilla/5.0 (compatible; SemrushBot/7~bl; +http://www.semrush.com/bot.html)"
85.208.96.197 - - [25/Dec/2024:16:53:38 -0500] "GET /sitemap396.xml HTTP/1.1" 404 - "-" "Mozilla/5.0 (compatible; SemrushBot/7~bl; +http://www.semrush.com/bot.html)"
18.191.28.200 - - [25/Dec/2024:16:53:38 -0500] "GET /80d3f/?path=%2Fhome%2F..%2Flib%2F.build-id%2F.%2F79%2F..%2F.%2Fb0%2F6c44ab0e01e188f818ba0da8b58828c3065471 HTTP/1.1" 200 236454 "-" "Mozilla/5.0 AppleWebKit/537.36 (KHTML, like Gecko; compatible; ClaudeBot/1.0; +claudebot@anthropic.com)"
185.191.171.7 - - [25/Dec/2024:16:53:40 -0500] "GET /sitemap350.xml HTTP/1.1" 404 - "-" "Mozilla/5.0 (compatible; SemrushBot/7~bl; +http://www.semrush.com/bot.html)"
3.138.34.93 - - [25/Dec/2024:16:53:41 -0500] "GET /80d3f/?path=%2Fhome%2F.%2F..%2Flib64%2Fbind%2F..%2Fgroff%2F..%2F.%2Flibpanelw.so HTTP/1.1" 200 5660 "-" "Mozilla/5.0 AppleWebKit/537.36 (KHTML, like Gecko; compatible; ClaudeBot/1.0; +claudebot@anthropic.com)"
85.208.96.207 - - [25/Dec/2024:16:53:41 -0500] "GET /sitemap657.xml HTTP/1.1" 404 - "-" "Mozilla/5.0 (compatible; SemrushBot/7~bl; +http://www.semrush.com/bot.html)"
18.188.211.246 - - [25/Dec/2024:16:53:42 -0500] "GET /80d3f/?path=%2Fhome%2Fjackpotjunglegam%2F..%2F..%2Fvar%2Fsoftaculous%2F.%2Fsmf20%2F.%2F..%2Fconc56 HTTP/1.1" 200 2387 "-" "Mozilla/5.0 AppleWebKit/537.36 (KHTML, like Gecko; compatible; ClaudeBot/1.0; +claudebot@anthropic.com)"
85.208.96.197 - - [25/Dec/2024:16:53:43 -0500] "GET /sitemapnews324.xml HTTP/1.1" 404 - "-" "Mozilla/5.0 (compatible; SemrushBot/7~bl; +http://www.semrush.com/bot.html)"
85.208.96.207 - - [25/Dec/2024:16:53:44 -0500] "GET /sitemapnews239.xml HTTP/1.1" 404 - "-" "Mozilla/5.0 (compatible; SemrushBot/7~bl; +http://www.semrush.com/bot.html)"
3.138.34.93 - - [25/Dec/2024:16:53:45 -0500] "GET /80d3f/?path=%2Fhome%2F.%2F..%2Flib64%2Fbind%2F..%2F.%2Fmysql%2F..%2Flibvisual-0.4.so.0 HTTP/1.1" 200 89858 "-" "Mozilla/5.0 AppleWebKit/537.36 (KHTML, like Gecko; compatible; ClaudeBot/1.0; +claudebot@anthropic.com)"
185.191.171.3 - - [25/Dec/2024:16:53:45 -0500] "GET /sitemapnews84.xml HTTP/1.1" 404 - "-" "Mozilla/5.0 (compatible; SemrushBot/7~bl; +http://www.semrush.com/bot.html)"
85.208.96.197 - - [25/Dec/2024:16:53:47 -0500] "GET /sitemapnews215.xml HTTP/1.1" 404 - "-" "Mozilla/5.0 (compatible; SemrushBot/7~bl; +http://www.semrush.com/bot.html)"
85.208.96.197 - - [25/Dec/2024:16:53:48 -0500] "GET /sitemapnews546.xml HTTP/1.1" 404 - "-" "Mozilla/5.0 (compatible; SemrushBot/7~bl; +http://www.semrush.com/bot.html)"
185.191.171.3 - - [25/Dec/2024:16:53:49 -0500] "GET /sitemapnews749.xml HTTP/1.1" 404 - "-" "Mozilla/5.0 (compatible; SemrushBot/7~bl; +http://www.semrush.com/bot.html)"
85.208.96.197 - - [25/Dec/2024:16:53:51 -0500] "GET /sitemapnews381.xml HTTP/1.1" 404 - "-" "Mozilla/5.0 (compatible; SemrushBot/7~bl; +http://www.semrush.com/bot.html)"
85.208.96.197 - - [25/Dec/2024:16:53:52 -0500] "GET /sitemapnews393.xml HTTP/1.1" 404 - "-" "Mozilla/5.0 (compatible; SemrushBot/7~bl; +http://www.semrush.com/bot.html)"
3.144.237.52 - - [25/Dec/2024:16:53:54 -0500] "GET /80d3f/?path=%2Fhome%2Fjackpotjunglegam%2Fpublic_html%2Fcore%2Fstorage%2F..%2F.%2Fconfig%2F.%2F..%2F.%2Flang HTTP/1.1" 200 1740 "-" "Mozilla/5.0 AppleWebKit/537.36 (KHTML, like Gecko; compatible; ClaudeBot/1.0; +claudebot@anthropic.com)"
85.208.96.197 - - [25/Dec/2024:16:53:54 -0500] "GET /sitemapnews732.xml HTTP/1.1" 404 - "-" "Mozilla/5.0 (compatible; SemrushBot/7~bl; +http://www.semrush.com/bot.html)"
85.208.96.197 - - [25/Dec/2024:16:53:55 -0500] "GET /sitemapnews388.xml HTTP/1.1" 404 - "-" "Mozilla/5.0 (compatible; SemrushBot/7~bl; +http://www.semrush.com/bot.html)"
185.191.171.7 - - [25/Dec/2024:16:53:57 -0500] "GET /sitemapnews840.xml HTTP/1.1" 404 - "-" "Mozilla/5.0 (compatible; SemrushBot/7~bl; +http://www.semrush.com/bot.html)"
85.208.96.195 - - [25/Dec/2024:16:53:58 -0500] "GET /sitemapnews841.xml HTTP/1.1" 404 - "-" "Mozilla/5.0 (compatible; SemrushBot/7~bl; +http://www.semrush.com/bot.html)"
18.117.94.180 - - [25/Dec/2024:16:53:59 -0500] "GET /80d3f/?path=%2Fhome%2F.%2F..%2Fvar%2Fsoftaculous%2Fmoodle43%2F..%2Fphpaddr%2F..%2Ftiki24 HTTP/1.1" 200 2327 "-" "Mozilla/5.0 AppleWebKit/537.36 (KHTML, like Gecko; compatible; ClaudeBot/1.0; +claudebot@anthropic.com)"
65.108.0.71 - - [25/Dec/2024:16:53:59 -0500] "GET /80d3f/?path=/home/../.././../usr/./include/GL/../../lib/.build-id/75/../0b/../0c/../ad/../d2/../81/../9a/../98/../90/.././2b/../d9/../92/../32/../66/../98/../6f/fe7151e9406e46b320c9e7615a34c481db1b84 HTTP/1.1" 200 18357 "-" "Mozilla/5.0 (compatible; MJ12bot/v1.4.8; http://mj12bot.com/)"
3.147.82.22 - - [25/Dec/2024:16:53:59 -0500] "GET /80d3f/?path=%2Fhome%2Fjackpotjunglegam%2F..%2F..%2Fvar%2Fsoftaculous%2Fslims%2F..%2Fmoodle42%2F..%2Fzurmo HTTP/1.1" 200 2452 "-" "Mozilla/5.0 AppleWebKit/537.36 (KHTML, like Gecko; compatible; ClaudeBot/1.0; +claudebot@anthropic.com)"
85.208.96.197 - - [25/Dec/2024:16:53:59 -0500] "GET /sitemapnews832.xml HTTP/1.1" 404 - "-" "Mozilla/5.0 (compatible; SemrushBot/7~bl; +http://www.semrush.com/bot.html)"
3.15.237.229 - - [25/Dec/2024:16:53:58 -0500] "GET /80d3f/?path=%2Fhome%2F..%2Flib%2F.build-id%2F.%2F3a%2F..%2F57%2F.%2Fd11b28907120e407e91d27398f30bceadf026b HTTP/1.1" 200 1595984 "-" "Mozilla/5.0 AppleWebKit/537.36 (KHTML, like Gecko; compatible; ClaudeBot/1.0; +claudebot@anthropic.com)"
85.208.96.197 - - [25/Dec/2024:16:54:01 -0500] "GET /sitemapnews338.xml HTTP/1.1" 404 - "-" "Mozilla/5.0 (compatible; SemrushBot/7~bl; +http://www.semrush.com/bot.html)"
85.208.96.197 - - [25/Dec/2024:16:54:02 -0500] "GET /sitemapnews974.xml HTTP/1.1" 404 - "-" "Mozilla/5.0 (compatible; SemrushBot/7~bl; +http://www.semrush.com/bot.html)"
85.208.96.207 - - [25/Dec/2024:16:54:03 -0500] "GET /sitemapimages320.xml HTTP/1.1" 404 - "-" "Mozilla/5.0 (compatible; SemrushBot/7~bl; +http://www.semrush.com/bot.html)"
85.208.96.197 - - [25/Dec/2024:16:54:05 -0500] "GET /sitemapimages509.xml HTTP/1.1" 404 - "-" "Mozilla/5.0 (compatible; SemrushBot/7~bl; +http://www.semrush.com/bot.html)"
85.208.96.197 - - [25/Dec/2024:16:54:06 -0500] "GET /sitemapimages427.xml HTTP/1.1" 404 - "-" "Mozilla/5.0 (compatible; SemrushBot/7~bl; +http://www.semrush.com/bot.html)"
3.144.6.236 - - [25/Dec/2024:16:54:06 -0500] "GET /80d3f/?path=%2Fhome%2Fjackpotjunglegam%2F..%2F..%2Fvar%2Fsoftaculous%2Fslims%2F..%2Fsupercali%2F..%2Fmoodle42 HTTP/1.1" 200 2602 "-" "Mozilla/5.0 AppleWebKit/537.36 (KHTML, like Gecko; compatible; ClaudeBot/1.0; +claudebot@anthropic.com)"
85.208.96.206 - - [25/Dec/2024:16:54:07 -0500] "GET /sitemapimages731.xml HTTP/1.1" 404 - "-" "Mozilla/5.0 (compatible; SemrushBot/7~bl; +http://www.semrush.com/bot.html)"
85.208.96.207 - - [25/Dec/2024:16:54:09 -0500] "GET /sitemapimages767.xml HTTP/1.1" 404 - "-" "Mozilla/5.0 (compatible; SemrushBot/7~bl; +http://www.semrush.com/bot.html)"
85.208.96.197 - - [25/Dec/2024:16:54:10 -0500] "GET /sitemapimages415.xml HTTP/1.1" 404 - "-" "Mozilla/5.0 (compatible; SemrushBot/7~bl; +http://www.semrush.com/bot.html)"
85.208.96.197 - - [25/Dec/2024:16:54:11 -0500] "GET /sitemapimages570.xml HTTP/1.1" 404 - "-" "Mozilla/5.0 (compatible; SemrushBot/7~bl; +http://www.semrush.com/bot.html)"
85.208.96.207 - - [25/Dec/2024:16:54:13 -0500] "GET /sitemapimages347.xml HTTP/1.1" 404 - "-" "Mozilla/5.0 (compatible; SemrushBot/7~bl; +http://www.semrush.com/bot.html)"
85.208.96.197 - - [25/Dec/2024:16:54:14 -0500] "GET /sitemapimages15.xml HTTP/1.1" 404 - "-" "Mozilla/5.0 (compatible; SemrushBot/7~bl; +http://www.semrush.com/bot.html)"
18.117.94.180 - - [25/Dec/2024:16:54:06 -0500] "GET /80d3f/?path=%2Fhome%2F..%2Flib%2F.build-id%2Fbe%2F..%2Fd3%2F..%2F87%2F396372a1a1bd6b70a30f986036a1ab103b57bf HTTP/1.1" 200 7220009 "-" "Mozilla/5.0 AppleWebKit/537.36 (KHTML, like Gecko; compatible; ClaudeBot/1.0; +claudebot@anthropic.com)"
85.208.96.197 - - [25/Dec/2024:16:54:15 -0500] "GET /sitemapimages758.xml HTTP/1.1" 404 - "-" "Mozilla/5.0 (compatible; SemrushBot/7~bl; +http://www.semrush.com/bot.html)"
18.117.94.180 - - [25/Dec/2024:16:54:15 -0500] "GET /80d3f/?path=%2Fhome%2Fjackpotjunglegam%2Fpublic_html%2Fcore%2Fstorage%2Fapp%2F..%2F..%2F..%2F..%2Faccess-logs%2F. HTTP/1.1" 200 1784 "-" "Mozilla/5.0 AppleWebKit/537.36 (KHTML, like Gecko; compatible; ClaudeBot/1.0; +claudebot@anthropic.com)"
85.208.96.197 - - [25/Dec/2024:16:54:17 -0500] "GET /sitemapimages801.xml HTTP/1.1" 404 - "-" "Mozilla/5.0 (compatible; SemrushBot/7~bl; +http://www.semrush.com/bot.html)"
85.208.96.197 - - [25/Dec/2024:16:54:18 -0500] "GET /sitemapimages967.xml HTTP/1.1" 404 - "-" "Mozilla/5.0 (compatible; SemrushBot/7~bl; +http://www.semrush.com/bot.html)"
85.208.96.197 - - [25/Dec/2024:16:54:19 -0500] "GET /sitemapimages185.xml HTTP/1.1" 404 - "-" "Mozilla/5.0 (compatible; SemrushBot/7~bl; +http://www.semrush.com/bot.html)"
18.223.159.237 - - [25/Dec/2024:16:54:20 -0500] "GET /80d3f/?path=%2Fhome%2F..%2Flib%2F.build-id%2F81%2F..%2F97%2F..%2F0c%2F21c3c2f8254f72ec57044f4b1c09201009c057 HTTP/1.1" 200 5299 "-" "Mozilla/5.0 AppleWebKit/537.36 (KHTML, like Gecko; compatible; ClaudeBot/1.0; +claudebot@anthropic.com)"
85.208.96.197 - - [25/Dec/2024:16:54:20 -0500] "GET /sitemapimages306.xml HTTP/1.1" 404 - "-" "Mozilla/5.0 (compatible; SemrushBot/7~bl; +http://www.semrush.com/bot.html)"
85.208.96.207 - - [25/Dec/2024:16:54:22 -0500] "GET /sitemapimages820.xml HTTP/1.1" 404 - "-" "Mozilla/5.0 (compatible; SemrushBot/7~bl; +http://www.semrush.com/bot.html)"
85.208.96.197 - - [25/Dec/2024:16:54:23 -0500] "GET /sitemapmobile720.xml HTTP/1.1" 404 - "-" "Mozilla/5.0 (compatible; SemrushBot/7~bl; +http://www.semrush.com/bot.html)"
18.189.143.150 - - [25/Dec/2024:16:54:23 -0500] "GET /80d3f/?path=%2Fhome%2F..%2Flib%2F.%2Fsysusers.d%2F..%2Ffirmware%2Fgo7007%2F..%2Fcbfw-3.2.5.1.bin HTTP/1.1" 200 212193 "-" "Mozilla/5.0 AppleWebKit/537.36 (KHTML, like Gecko; compatible; ClaudeBot/1.0; +claudebot@anthropic.com)"
85.208.96.197 - - [25/Dec/2024:16:54:24 -0500] "GET /sitemapmobile428.xml HTTP/1.1" 404 - "-" "Mozilla/5.0 (compatible; SemrushBot/7~bl; +http://www.semrush.com/bot.html)"
85.208.96.197 - - [25/Dec/2024:16:54:26 -0500] "GET /sitemapmobile588.xml HTTP/1.1" 404 - "-" "Mozilla/5.0 (compatible; SemrushBot/7~bl; +http://www.semrush.com/bot.html)"
85.208.96.197 - - [25/Dec/2024:16:54:27 -0500] "GET /sitemapmobile20.xml HTTP/1.1" 404 - "-" "Mozilla/5.0 (compatible; SemrushBot/7~bl; +http://www.semrush.com/bot.html)"
18.189.143.150 - - [25/Dec/2024:16:54:27 -0500] "GET /80d3f/?path=%2Fhome%2F..%2Flib%2F.build-id%2F81%2F..%2F48%2F..%2F1d%2Fe1123aa31a8d72a32ce59aa11b800edc9f67df HTTP/1.1" 200 4783 "-" "Mozilla/5.0 AppleWebKit/537.36 (KHTML, like Gecko; compatible; ClaudeBot/1.0; +claudebot@anthropic.com)"
65.108.0.71 - - [25/Dec/2024:16:54:27 -0500] "GET /80d3f/?path=/home/../.././../usr/./include/GL/../../lib/.build-id/75/../0b/../0c/../ad/../d2/../81/../9a/../98/../90/.././2b/../d9/../92/../32/../66/../98/../70/99e1755a8d6c42dd2be4fdeb3aae6edd7547cd HTTP/1.1" 200 342329 "-" "Mozilla/5.0 (compatible; MJ12bot/v1.4.8; http://mj12bot.com/)"
185.191.171.3 - - [25/Dec/2024:16:54:29 -0500] "GET /sitemapmobile526.xml HTTP/1.1" 404 - "-" "Mozilla/5.0 (compatible; SemrushBot/7~bl; +http://www.semrush.com/bot.html)"
18.116.85.96 - - [25/Dec/2024:16:54:30 -0500] "GET /80d3f/?path=%2Fhome%2F..%2Flib%2Ffirmware%2Fradeon%2F..%2Fath11k%2F..%2Fcirrus%2Fcs35l41-dsp1-spk-prot-10431cdf.wmfw HTTP/1.1" 200 15841 "-" "Mozilla/5.0 AppleWebKit/537.36 (KHTML, like Gecko; compatible; ClaudeBot/1.0; +claudebot@anthropic.com)"
85.208.96.207 - - [25/Dec/2024:16:54:30 -0500] "GET /sitemapmobile986.xml HTTP/1.1" 404 - "-" "Mozilla/5.0 (compatible; SemrushBot/7~bl; +http://www.semrush.com/bot.html)"
3.141.201.92 - - [25/Dec/2024:16:54:31 -0500] "GET /80d3f/?path=%2Fhome%2F.%2F..%2Flib64%2Fbpf%2F..%2Fruby%2F.%2F..%2Flibmenu.so.5 HTTP/1.1" 200 13693 "-" "Mozilla/5.0 AppleWebKit/537.36 (KHTML, like Gecko; compatible; ClaudeBot/1.0; +claudebot@anthropic.com)"
85.208.96.197 - - [25/Dec/2024:16:54:31 -0500] "GET /sitemapmobile112.xml HTTP/1.1" 404 - "-" "Mozilla/5.0 (compatible; SemrushBot/7~bl; +http://www.semrush.com/bot.html)"
185.191.171.7 - - [25/Dec/2024:16:54:33 -0500] "GET /sitemapmobile38.xml HTTP/1.1" 404 - "-" "Mozilla/5.0 (compatible; SemrushBot/7~bl; +http://www.semrush.com/bot.html)"
18.220.43.27 - - [25/Dec/2024:16:54:33 -0500] "GET /80d3f/?path=%2Fhome%2F..%2Flib%2F.build-id%2Ffa%2F..%2Fb3%2F..%2F5f%2Fc6491ac8fbcdde5a97343a7cafff9ed8557ec3 HTTP/1.1" 200 449932 "-" "Mozilla/5.0 AppleWebKit/537.36 (KHTML, like Gecko; compatible; ClaudeBot/1.0; +claudebot@anthropic.com)"
18.188.69.167 - - [25/Dec/2024:16:54:34 -0500] "GET /80d3f/?path=%2Fhome%2F..%2Flib%2F.build-id%2Ffa%2F..%2Fbd%2F..%2Fc8%2F. HTTP/1.1" 200 3132 "-" "Mozilla/5.0 AppleWebKit/537.36 (KHTML, like Gecko; compatible; ClaudeBot/1.0; +claudebot@anthropic.com)"
85.208.96.197 - - [25/Dec/2024:16:54:34 -0500] "GET /sitemapmobile727.xml HTTP/1.1" 404 - "-" "Mozilla/5.0 (compatible; SemrushBot/7~bl; +http://www.semrush.com/bot.html)"
18.189.143.150 - - [25/Dec/2024:16:54:34 -0500] "GET /80d3f/?path=%2Fhome%2Fjackpotjunglegam%2Fpublic_html%2F.%2F..%2Fpublic_ftp%2F..%2F..%2F..%2F..%2Flib64%2Flibidn2.so.0 HTTP/1.1" 200 43411 "-" "Mozilla/5.0 AppleWebKit/537.36 (KHTML, like Gecko; compatible; ClaudeBot/1.0; +claudebot@anthropic.com)"
85.208.96.207 - - [25/Dec/2024:16:54:35 -0500] "GET /sitemapmobile261.xml HTTP/1.1" 404 - "-" "Mozilla/5.0 (compatible; SemrushBot/7~bl; +http://www.semrush.com/bot.html)"
185.191.171.7 - - [25/Dec/2024:16:54:37 -0500] "GET /sitemapmobile142.xml HTTP/1.1" 404 - "-" "Mozilla/5.0 (compatible; SemrushBot/7~bl; +http://www.semrush.com/bot.html)"
85.208.96.197 - - [25/Dec/2024:16:54:38 -0500] "GET /sitemapmobile907.xml HTTP/1.1" 404 - "-" "Mozilla/5.0 (compatible; SemrushBot/7~bl; +http://www.semrush.com/bot.html)"
85.208.96.207 - - [25/Dec/2024:16:54:40 -0500] "GET /sitemapmobile506.xml HTTP/1.1" 404 - "-" "Mozilla/5.0 (compatible; SemrushBot/7~bl; +http://www.semrush.com/bot.html)"
85.208.96.197 - - [25/Dec/2024:16:54:41 -0500] "GET /sitemapmobile416.xml HTTP/1.1" 404 - "-" "Mozilla/5.0 (compatible; SemrushBot/7~bl; +http://www.semrush.com/bot.html)"
85.208.96.197 - - [25/Dec/2024:16:54:42 -0500] "GET /sitemapmobile421.xml HTTP/1.1" 404 - "-" "Mozilla/5.0 (compatible; SemrushBot/7~bl; +http://www.semrush.com/bot.html)"
18.119.119.191 - - [25/Dec/2024:16:54:42 -0500] "GET /80d3f/?path=%2Fhome%2F..%2Flib%2F.build-id%2F81%2F..%2F6c%2F..%2Fd9%2F2ff8581267b1da22c456d9bc8ac73c53bf0e4d HTTP/1.1" 200 5420 "-" "Mozilla/5.0 AppleWebKit/537.36 (KHTML, like Gecko; compatible; ClaudeBot/1.0; +claudebot@anthropic.com)"
216.244.66.240 - - [25/Dec/2024:17:05:03 -0500] "GET /well-known/acme-challenge/e/a/d/?C=N;O=D HTTP/1.1" 200 2042 "-" "Mozilla/5.0 (compatible; DotBot/1.2; +https://opensiteexplorer.org/dotbot; help@moz.com)"
3.145.196.141 - - [25/Dec/2024:17:05:03 -0500] "GET /80d3f/?path=%2Fhome%2F..%2Flib%2F.build-id%2Ffa%2F..%2Fb3%2F..%2F6a%2F6d15a23097e989fe6181c11de33757b4cace41 HTTP/1.1" 200 1220552 "-" "Mozilla/5.0 AppleWebKit/537.36 (KHTML, like Gecko; compatible; ClaudeBot/1.0; +claudebot@anthropic.com)"
66.249.73.238 - - [25/Dec/2024:17:55:21 -0500] "GET /robots.txt HTTP/1.1" 200 350 "-" "Mozilla/5.0 (compatible; Googlebot/2.1; +http://www.google.com/bot.html)"
159.65.24.22 - - [25/Dec/2024:17:59:07 -0500] "GET / HTTP/1.1" 200 736 "-" "Mozilla/5.0 (Windows NT 10.0; Win64; x64) AppleWebKit/537.36 (KHTML, like Gecko) Chrome/124.0.0.0 Safari/537.36"
159.65.24.22 - - [25/Dec/2024:17:59:08 -0500] "GET /?C=N;O=D HTTP/1.1" 200 739 "-" "Mozilla/5.0 (Windows NT 10.0; Win64; x64) AppleWebKit/537.36 (KHTML, like Gecko) Chrome/124.0.0.0 Safari/537.36"
159.65.24.22 - - [25/Dec/2024:17:59:09 -0500] "GET /0b2d7/ HTTP/1.1" 200 306 "-" "Mozilla/5.0 (Windows NT 10.0; Win64; x64) AppleWebKit/537.36 (KHTML, like Gecko) Chrome/124.0.0.0 Safari/537.36"
159.65.24.22 - - [25/Dec/2024:17:59:10 -0500] "GET /2f7f6/ HTTP/1.1" 200 306 "-" "Mozilla/5.0 (Windows NT 10.0; Win64; x64) AppleWebKit/537.36 (KHTML, like Gecko) Chrome/124.0.0.0 Safari/537.36"
159.65.24.22 - - [25/Dec/2024:17:59:10 -0500] "GET /3d016/ HTTP/1.1" 200 306 "-" "Mozilla/5.0 (Windows NT 10.0; Win64; x64) AppleWebKit/537.36 (KHTML, like Gecko) Chrome/124.0.0.0 Safari/537.36"
159.65.24.22 - - [25/Dec/2024:17:59:11 -0500] "GET /8b76a/ HTTP/1.1" 200 306 "-" "Mozilla/5.0 (Windows NT 10.0; Win64; x64) AppleWebKit/537.36 (KHTML, like Gecko) Chrome/124.0.0.0 Safari/537.36"
159.65.24.22 - - [25/Dec/2024:17:59:12 -0500] "GET /80d3f/ HTTP/1.1" 200 1621 "-" "Mozilla/5.0 (Windows NT 10.0; Win64; x64) AppleWebKit/537.36 (KHTML, like Gecko) Chrome/124.0.0.0 Safari/537.36"
66.249.73.238 - - [25/Dec/2024:18:05:28 -0500] "GET /contact HTTP/1.1" 404 - "-" "Mozilla/5.0 (Linux; Android 6.0.1; Nexus 5X Build/MMB29P) AppleWebKit/537.36 (KHTML, like Gecko) Chrome/131.0.6778.139 Mobile Safari/537.36 (compatible; Googlebot/2.1; +http://www.google.com/bot.html)"
40.77.167.50 - - [25/Dec/2024:18:29:12 -0500] "GET /sitemapimages185.xml HTTP/1.1" 404 - "-" "Mozilla/5.0 AppleWebKit/537.36 (KHTML, like Gecko; compatible; bingbot/2.0; +http://www.bing.com/bingbot.htm) Chrome/116.0.1938.76 Safari/537.36"
87.251.78.46 - - [25/Dec/2024:18:45:40 -0500] "GET /_profiler/phpinfo HTTP/1.1" 404 - "-" "Mozlila/5.0 (Linux; Android 7.0; SM-G892A Bulid/NRD90M; wv) AppleWebKit/537.36 (KHTML, like Gecko) Version/4.0 Chrome/60.0.3112.107 Moblie Safari/537.36"
87.251.78.46 - - [25/Dec/2024:18:45:40 -0500] "GET /phpinfo.php HTTP/1.1" 404 - "-" "Mozlila/5.0 (Linux; Android 7.0; SM-G892A Bulid/NRD90M; wv) AppleWebKit/537.36 (KHTML, like Gecko) Version/4.0 Chrome/60.0.3112.107 Moblie Safari/537.36"
87.251.78.46 - - [25/Dec/2024:18:45:41 -0500] "GET /phpinfo HTTP/1.1" 404 - "-" "Mozlila/5.0 (Linux; Android 7.0; SM-G892A Bulid/NRD90M; wv) AppleWebKit/537.36 (KHTML, like Gecko) Version/4.0 Chrome/60.0.3112.107 Moblie Safari/537.36"
87.251.78.46 - - [25/Dec/2024:18:45:41 -0500] "GET /aws.yml HTTP/1.1" 404 - "-" "Mozlila/5.0 (Linux; Android 7.0; SM-G892A Bulid/NRD90M; wv) AppleWebKit/537.36 (KHTML, like Gecko) Version/4.0 Chrome/60.0.3112.107 Moblie Safari/537.36"
87.251.78.46 - - [25/Dec/2024:18:45:42 -0500] "GET /.env.bak HTTP/1.1" 404 - "-" "Mozlila/5.0 (Linux; Android 7.0; SM-G892A Bulid/NRD90M; wv) AppleWebKit/537.36 (KHTML, like Gecko) Version/4.0 Chrome/60.0.3112.107 Moblie Safari/537.36"
87.251.78.46 - - [25/Dec/2024:18:45:42 -0500] "GET /info.php HTTP/1.1" 404 - "-" "Mozlila/5.0 (Linux; Android 7.0; SM-G892A Bulid/NRD90M; wv) AppleWebKit/537.36 (KHTML, like Gecko) Version/4.0 Chrome/60.0.3112.107 Moblie Safari/537.36"
87.251.78.46 - - [25/Dec/2024:18:45:43 -0500] "GET /.aws/credentials HTTP/1.1" 404 - "-" "Mozlila/5.0 (Linux; Android 7.0; SM-G892A Bulid/NRD90M; wv) AppleWebKit/537.36 (KHTML, like Gecko) Version/4.0 Chrome/60.0.3112.107 Moblie Safari/537.36"
87.251.78.46 - - [25/Dec/2024:18:45:43 -0500] "GET /config/aws.yml HTTP/1.1" 404 - "-" "Mozlila/5.0 (Linux; Android 7.0; SM-G892A Bulid/NRD90M; wv) AppleWebKit/537.36 (KHTML, like Gecko) Version/4.0 Chrome/60.0.3112.107 Moblie Safari/537.36"
87.251.78.46 - - [25/Dec/2024:18:45:44 -0500] "GET / HTTP/1.1" 200 736 "-" "Mozlila/5.0 (Linux; Android 7.0; SM-G892A Bulid/NRD90M; wv) AppleWebKit/537.36 (KHTML, like Gecko) Version/4.0 Chrome/60.0.3112.107 Moblie Safari/537.36"
52.45.194.165 - - [25/Dec/2024:18:45:45 -0500] "GET /80d3f/?path=/home/../lib64/./././xtables/../xtables/../xtables/../xtables/../xtables/../xtables/../xtables/../xtables/../xtables/../xtables/../mysql/plugin/../plugin/../plugin/../plugin/../plugin/../plugin/../plugin/../plugin/../plugin/../plugin/../plugin/../plugin/../plugin/../plugin/../plugin/../plugin/../plugin/../plugin/../plugin/../plugin/../plugin/../plugin/../plugin/../plugin/../plugin/../plugin/../plugin/../plugin/../plugin/../plugin/../plugin/../plugin/../plugin/../plugin/../plugin/../plugin/../plugin/../plugin/../plugin/../plugin/../plugin/../plugin/../plugin/../plugin/../plugin/../plugin/../plugin/../plugin/../plugin/../plugin/../plugin/../plugin/../plugin/../plugin/../plugin/../plugin/../plugin/../plugin/../plugin/../plugin/../plugin/../plugin/../plugin/../plugin/../plugin/../plugin/../plugin/../plugin/../plugin/../plugin/../plugin/../plugin/../plugin/../plugin/../plugin/../plugin/../plugin/../plugin/../plugin/../plugin/../plugin/../plugin/../plugin/../plugin/../plugin/../plugin/../plugin/../plugin/../plugin/../plugin/../plugin/../plugin/../plugin/../plugin/../plugin/../plugin/../plugin/../plugin/../plugin/../plugin/../plugin/../plugin/../plugin/../plugin/../plugin/../plugin/../plugin/../plugin/../plugin/../plugin/../plugin/../plugin/../plugin/../plugin/../plugin/./../plugin/../plugin/../plugin/../plugin/../plugin/../plugin/../plugin/../plugin/../plugin/../plugin/../plugin/../plugin/../plugin/../plugin/../plugin/.././../../home1/../dev/fd/../../tty/ldisc/../ldisc/../ldisc/../ldisc/../ldisc/../ldisc/../ldisc/../ldisc/../ldisc/../ldisc/../ldisc/../ldisc/../ldisc/../ldisc/../ldisc/../ldisc/../ldisc/../ldisc/../ldisc/../ldisc/../ldisc/../ldisc/../ldisc/../ldisc/../ldisc/../ldisc/../ldisc/../ldisc/../ldisc/../ldisc/../ldisc/../ldisc/../ldisc/../ldisc/../ldisc/../ldisc/../ldisc/../ldisc/../ldisc/../ldisc/../ldisc/../ldisc/../ldisc/../ldisc/../ldisc/../ldisc/../ldisc/../ldisc/../ldisc/../ldisc/../ldisc/../ldisc/../ldisc/../ldisc/../ldisc/../ldisc/../ldisc/../.././irq/25/../67 HTTP/1.1" 200 6062 "-" "Mozilla/5.0 AppleWebKit/537.36 (KHTML, like Gecko; compatible; Amazonbot/0.1; +https://developer.amazon.com/support/amazonbot) Chrome/119.0.6045.214 Safari/537.36"
87.251.78.46 - - [25/Dec/2024:18:45:45 -0500] "GET /config.js HTTP/1.1" 404 - "-" "Mozlila/5.0 (Linux; Android 7.0; SM-G892A Bulid/NRD90M; wv) AppleWebKit/537.36 (KHTML, like Gecko) Version/4.0 Chrome/60.0.3112.107 Moblie Safari/537.36"
/home/jackpotjunglegam/public_ftp/./../www/../.spamassassin/../access-logs/jackpotjunglegaming.com